48
Calculate the greatest common divisor of 55 and 4345.
55
What is the highest common factor of 12 and 48?
12
What is the greatest common factor of 216 and 270?
54
What is the highest common factor of 26520 and 136?
136
Calculate the greatest common divisor of 4728 and 24.
24
What is the highest common divisor of 101777 and 13?
13
Calculate the highest common divisor of 1610 and 3450.
230
Calculate the greatest common factor of 193 and 7913.
193
What is the highest common divisor of 1640 and 60?
20
What is the highest common factor of 1161 and 9?
9
Calculate the highest common factor of 88 and 1144.
88
What is the greatest common factor of 76 and 5605?
19
What is the highest common factor of 16874 and 44?
22
What is the highest common divisor of 3 and 6999?
3
Calculate the greatest common factor of 174 and 5829.
87
Calculate the greatest common divisor of 2 and 197.
1
What is the greatest common divisor of 899 and 29?
29
What is the greatest common divisor of 28 and 3244?
4
What is the greatest common factor of 36 and 744?
12
Calculate the greatest common factor of 451 and 82.
41
Calculate the greatest common factor of 44 and 143.
11
Calculate the highest common divisor of 156 and 273.
39
Calculate the greatest common divisor of 24 and 120.
24
Calculate the highest common factor of 4716 and 36.
36
What is the highest common factor of 456 and 1254?
114
What is the greatest common factor of 168 and 126?
42
What is the greatest common factor of 292 and 219?
73
What is the greatest common factor of 8 and 80?
8
What is the greatest common divisor of 104 and 24?
8
What is the highest common divisor of 60 and 2400?
60
What is the greatest common divisor of 228 and 19?
19
What is the greatest common divisor of 1140 and 90?
30
What is the greatest common factor of 830 and 10?
10
Calculate the highest common divisor of 512 and 32.
32
What is the greatest common divisor of 235 and 6016?
47
Calculate the greatest common factor of 100 and 324.
4
Calculate the highest common divisor of 896 and 704.
64
Calculate the highest common divisor of 21 and 21.
21
Calculate the highest common factor of 18 and 981.
9
What is the greatest common factor of 37787 and 29?
29
What is the highest common factor of 3594 and 6?
6
Calculate the greatest common factor of 168 and 42.
42
What is the highest common divisor of 286 and 44?
22
Calculate the greatest common divisor of 164 and 205.
41
What is the highest common divisor of 23 and 18883?
23
What is the highest common factor of 665 and 70?
35
What is the greatest common divisor of 3 and 69?
3
Calculate the highest common divisor of 60 and 2460.
60
Calculate the highest common divisor of 189 and 1260.
63
Calculate the highest common factor of 3051 and 113.
113
Calculate the highest common divisor of 5760 and 60.
60
What is the highest common factor of 9240 and 176?
88
Calculate the highest common factor of 901 and 51.
17
Calculate the greatest common factor of 145 and 261.
29
What is the highest common divisor of 51 and 816?
51
Calculate the greatest common factor of 14 and 714.
14
Calculate the highest common divisor of 9 and 537.
3
Calculate the greatest common divisor of 374 and 66.
22
What is the greatest common divisor of 195 and 117?
39
What is the greatest common factor of 288 and 18?
18
What is the highest common divisor of 77 and 189?
7
What is the greatest common factor of 1304 and 28?
4
What is the highest common factor of 10947 and 246?
123
What is the greatest common factor of 2624 and 82?
82
What is the greatest common factor of 336 and 144?
48
Calculate the greatest common factor of 1968 and 48.
48
Calculate the greatest common divisor of 40455 and 261.
261
What is the greatest common factor of 1420 and 40?
20
What is the highest common divisor of 253 and 22?
11
What is the highest common factor of 21 and 336?
21
Calculate the highest common divisor of 120 and 2760.
120
What is the greatest common divisor of 9 and 2061?
9
Calculate the highest common divisor of 104 and 2418.
26
What is the highest common factor of 26 and 4?
2
Calculate the highest common factor of 27 and 27.
27
What is the greatest common factor of 7056 and 36?
36
Calculate the highest common divisor of 448 and 832.
64
Calculate the highest common factor of 9774 and 54.
54
Calculate the greatest common factor of 18 and 18.
18
Calculate the highest common divisor of 148 and 32.
4
Calculate the highest common factor of 275 and 25.
25
Calculate the highest common factor of 116 and 9106.
58
What is the highest common divisor of 667 and 29?
29
What is the greatest common divisor of 667 and 261?
29
Calculate the highest common divisor of 10121 and 58.
29
Calculate the highest common factor of 624 and 37284.
156
What is the greatest common factor of 2 and 4268?
2
What is the greatest common factor of 17532 and 36?
36
Calculate the greatest common factor of 41 and 697.
41
Calculate the highest common divisor of 546 and 56.
14
Calculate the highest common factor of 232 and 440.
8
Calculate the greatest common divisor of 50 and 18650.
50
Calculate the greatest common factor of 63 and 1141.
7
What is the highest common divisor of 13 and 1313?
13
What is the highest common divisor of 48 and 156?
12
What is the greatest common divisor of 5 and 1285?
5
What is the greatest common divisor of 850 and 510?
170
Calculate the greatest common divisor of 92 and 874.
46
What is the highest common divisor of 90 and 60?
30
What is the greatest common divisor of 1780 and 20?
20
Calculate the greatest common factor of 34 and 986.
34
What is the highest common divisor of 351 and 2691?
117
Calculate the greatest common factor of 1243 and 33.
11
Calculate the greatest common factor of 592 and 111.
37
Calculate the highest common divisor of 44 and 3652.
44
What is the highest common divisor of 185 and 481?
37
What is the highest common divisor of 48 and 112?
16
Calculate the greatest common factor of 360 and 5820.
60
What is the highest common divisor of 1067 and 22?
11
Calculate the highest common divisor of 105 and 14.
7
Calculate the highest common factor of 33 and 51216.
33
What is the highest common divisor of 325 and 200?
25
What is the greatest common factor of 3596 and 116?
116
Calculate the greatest common factor of 217 and 70.
7
What is the greatest common factor of 46 and 2?
2
What is the greatest common divisor of 1827 and 522?
261
What is the greatest common divisor of 74 and 148?
74
What is the greatest common factor of 190 and 38?
38
Calculate the highest common divisor of 10 and 530.
10
What is the greatest common divisor of 36 and 12?
12
What is the greatest common divisor of 205 and 697?
41
Calculate the greatest common factor of 1692 and 45.
9
Calculate the highest common divisor of 11 and 5401.
11
What is the greatest common divisor of 1703 and 26?
13
Calculate the greatest common factor of 108 and 1836.
108
What is the highest common divisor of 180 and 228?
12
What is the greatest common divisor of 70 and 238?
14
Calculate the greatest common divisor of 2 and 20318.
2
Calculate the highest common divisor of 1079 and 13.
13
Calculate the greatest common factor of 56 and 448.
56
Calculate the greatest common factor of 451 and 11.
11
Calculate the greatest common divisor of 408 and 96.
24
Calculate the highest common divisor of 153 and 2556.
9
What is the greatest common divisor of 8774 and 246?
82
What is the greatest common factor of 105 and 455?
35
Calculate the greatest common divisor of 200 and 56.
8
What is the highest common factor of 624 and 1404?
156
What is the greatest common divisor of 21612 and 24?
12
What is the greatest common factor of 68 and 391?
17
What is the highest common divisor of 44 and 154?
22
Calculate the highest common divisor of 10170 and 180.
90
What is the greatest common divisor of 11791 and 26?
13
Calculate the greatest common factor of 417 and 3.
3
What is the greatest common divisor of 1737 and 3?
3
Calculate the greatest common divisor of 157 and 157.
157
What is the greatest common factor of 148 and 25382?
74
Calculate the greatest common divisor of 160 and 10.
10
Calculate the greatest common factor of 369 and 144.
9
What is the greatest common factor of 35 and 133?
7
What is the greatest common divisor of 2834